{"id":469,"date":"2021-05-29T01:10:21","date_gmt":"2021-05-28T18:10:21","guid":{"rendered":"https:\/\/hdclinic.vn\/?page_id=469"},"modified":"2021-07-14T21:51:13","modified_gmt":"2021-07-14T14:51:13","slug":"kham-chuyen-khoa-da-lieu","status":"publish","type":"page","link":"https:\/\/hdclinic.vn\/?page_id=469","title":{"rendered":"Kh\u00e1m chuy\u00ean khoa Da li\u1ec5u"},"content":{"rendered":"\n<p><img decoding=\"async\" class=\"size-medium wp-image-484 aligncenter\" src=\"http:\/\/hdclinic.vn\/wp-content\/uploads\/2021\/05\/Dermatoscope-1-300x201.jpg\" alt=\"\" width=\"300\" height=\"201\" srcset=\"https:\/\/hdclinic.vn\/wp-content\/uploads\/2021\/05\/Dermatoscope-1-300x201.jpg 300w, https:\/\/hdclinic.vn\/wp-content\/uploads\/2021\/05\/Dermatoscope-1-510x341.jpg 510w, https:\/\/hdclinic.vn\/wp-content\/uploads\/2021\/05\/Dermatoscope-1-1024x685.jpg 1024w, https:\/\/hdclinic.vn\/wp-content\/uploads\/2021\/05\/Dermatoscope-1-768x514.jpg 768w, https:\/\/hdclinic.vn\/wp-content\/uploads\/2021\/05\/Dermatoscope-1.jpg 1200w\" sizes=\"(max-width: 300px) 100vw, 300px\" \/><\/p>\n<p>&#8211; Kh\u00e1m v\u00e0 \u0111i\u1ec1u tr\u1ecb b\u1ec7nh da v\u00e0 b\u1ec7nh l\u00e2y truy\u00ean qua \u0111\u01b0\u1eddng t\u00ecnh d\u1ee5c.<br \/>\n&#8211; Kh\u00e1m v\u00e0 \u0111i\u1ec1u tr\u1ecb b\u1ec7nh v\u1ec1 t\u00f3c, m\u00f3ng, tuy\u1ebfn b\u00e3, m\u1ed3 h\u00f4i.<br \/>\n&#8211; Qu\u1ea3n l\u00fd b\u1ec7nh da m\u1ea1n t\u00ednh.<br \/>\n&#8211; Ch\u1ea9n \u0111o\u00e1n s\u1edbm ung th\u01b0 da b\u1eb1ng Soi da Dermoscopy<\/p>\n\n","protected":false},"excerpt":{"rendered":"<p>&#8211; Kh\u00e1m v\u00e0 \u0111i\u1ec1u tr\u1ecb b\u1ec7nh da v\u00e0 b\u1ec7nh l\u00e2y truy\u00ean qua \u0111\u01b0\u1eddng t\u00ecnh d\u1ee5c. &#8211; Kh\u00e1m v\u00e0 \u0111i\u1ec1u tr\u1ecb b\u1ec7nh v\u1ec1 t\u00f3c, m\u00f3ng, tuy\u1ebfn b\u00e3, m\u1ed3 h\u00f4i. &#8211; Qu\u1ea3n l\u00fd b\u1ec7nh da m\u1ea1n t\u00ednh. &#8211; Ch\u1ea9n \u0111o\u00e1n s\u1edbm ung th\u01b0 da b\u1eb1ng Soi da Dermoscopy<\/p>\n","protected":false},"author":1,"featured_media":0,"parent":0,"menu_order":0,"comment_status":"closed","ping_status":"closed","template":"","meta":{"footnotes":""},"class_list":["post-469","page","type-page","status-publish","hentry"],"jetpack_sharing_enabled":true,"_links":{"self":[{"href":"https:\/\/hdclinic.vn\/index.php?rest_route=\/wp\/v2\/pages\/469","targetHints":{"allow":["GET"]}}],"collection":[{"href":"https:\/\/hdclinic.vn\/index.php?rest_route=\/wp\/v2\/pages"}],"about":[{"href":"https:\/\/hdclinic.vn\/index.php?rest_route=\/wp\/v2\/types\/page"}],"author":[{"embeddable":true,"href":"https:\/\/hdclinic.vn\/index.php?rest_route=\/wp\/v2\/users\/1"}],"replies":[{"embeddable":true,"href":"https:\/\/hdclinic.vn\/index.php?rest_route=%2Fwp%2Fv2%2Fcomments&post=469"}],"version-history":[{"count":0,"href":"https:\/\/hdclinic.vn\/index.php?rest_route=\/wp\/v2\/pages\/469\/revisions"}],"wp:attachment":[{"href":"https:\/\/hdclinic.vn\/index.php?rest_route=%2Fwp%2Fv2%2Fmedia&parent=469"}],"curies":[{"name":"wp","href":"https:\/\/api.w.org\/{rel}","templated":true}]}}